*3 + 6*t**2 - 4*t + 1. Give o(h).
6
Let h(z) = -2*z - 6. Let r(k) = -2*k - 4. Let a(c) = 5*h(c) - 6*r(c). What is a(6)?
6
Let u = -26 - -22. Let i(b) = 3*b**3 - b**2 - 6*b - 7. Let n(g) = -g**3 - g**2 + g + 1. Let s = -1 + 2. Let m(t) = s*i(t) + 4*n(t). Determine m(u).
-11
Let m(v) = v**3 - 5*v**2 - v + 1. Let f = -26 + 31. What is m(f)?
-4
Suppose 20 = -2*t - 3*t. Let b(k) = 2*k - 3. Determine b(t).
-11
Let l(y) be the third derivative of -y**5/60 + y**4/24 - y**3/6 - 7*y**2. Let q(p) be the first derivative of l(p). Give q(2).
-3
Let c = -4 + 8. Suppose -8*d + 4*d + 23 = 5*h, -15 = -5*h. Let j(v) = 0 - v + 1 + 0*v + d. Give j(c).
-1
Let q be 14/8*(-4)/1. Let p(d) = -d**3 - 6*d**2 + 8*d + 10. Let o be p(q). Let v(g) = -g + 2*g**3 - o*g**3 + 2*g**3 - 2 - g**2 - g**2. Calculate v(2).
-4
Let m(h) = 15*h + 2. Let j(t) = t - 7. Let v be j(-6). Let g(f) = -7*f - 1. Let d(z) = v*g(z) - 6*m(z). Give d(-3).
-2
Let x(f) = f**3 - 4*f**2 + f + 1. Let n be x(2). Let c = 12 - 11. Let b(d) = 2*d - d + 0*d - 2*d - c. Calculate b(n).
4
Let s(a) = a**3 + 4*a**2 - 4*a - 1. Suppose -4*z = -3*z + 5. Give s(z).
-6
Let b(m) be the third derivative of -m**8/6720 + m**7/420 - 7*m**6/720 + m**5/30 + m**4/8 + 3*m**2. Let k(a) be the second derivative of b(a). Calculate k(4).
8
Let l(s) = -s**2 - s + 2. Let n = 3 + 4. Suppose -1 = 3*q - n. Suppose 2*j = -q*j. What is l(j)?
2
Suppose 7 = 4*i + 2*d + 1, 0 = 3*i + 3*d - 6. Let x(u) = 17*u**2 - 1. What is x(i)?
16
Let m(q) = 3*q**2 + 3*q**2 + 6 - 7*q**2 + 11*q. Let y be m(12). Let x be 3/y - 28/8. Let g(c) = 2*c + 6. Calculate g(x).
-2
Let b = -25 + 26. Let m(c) = -7*c. Determine m(b).
-7
Let d(b) = -b - 9. Let j(y) = -y - 9. Let a(w) = 3*d(w) - 4*j(w). Let u be (-45)/(-90)*0*(-2)/(-4). Determine a(u).
9
Let f(j) = -3*j - 6. Let i be 5*(1 + -2) + -1. Calculate f(i).
12
Let z(x) be the first derivative of x**3/3 - 5*x + 1. Let a(d) = -d - 1. Let k be a(-1). Calculate z(k).
-5
Suppose 29*s = 18*s + 55. Let n(o) = -o**3 + 5*o**2 - o - 2. Determine n(s).
-7
Let q = -36 - -27. Let k(m) = m**3 + 10*m**2 + 11*m + 11. Give k(q).
-7
Let v(y) = -6*y - 2. Let b = -45 - -47. What is v(b)?
-14
Let w(h) = -1. Let n(z) = -z**2 + 6*z - 9. Let u(p) = -n(p) + 4*w(p). Calculate u(4).
-3
Let a be ((-4)/8)/(1/6). Let s(j) = 4*j**2 - 3*j - 1. Let v(r) = -5*r**2 + 4*r. Let h(b) = a*v(b) - 4*s(b). Calculate h(3).
-5
Let k(p) = p**2 + p - 7. Suppose 0*q + 2*q = 0. Give k(q).
-7
Let c(r) = -r**3 + 2*r + 1. Let g(u) = -2*u**3 - 5*u**2 + 5*u + 2. Let x(a) = -3*c(a) + g(a). Calculate x(5).
-6
Suppose 27 = 2*i - 0*i + y, -24 = -i + 3*y. Suppose 0 = 5*a - 10*a + i. Let u(z) = -z. Give u(a).
-3
Let w = 10 - 6. Let q(d) = 2*d**2 + 0 - w*d - d**3 - 5*d**2 - 2. Give q(-2).
2
Let a(n) = 3*n - 6*n - 3 - 3*n. Suppose -3*z - 5*j + 9 = 0, -j = -4*z - 7 - 4. What is a(z)?
9
Let d(z) be the third derivative of -z**7/2520 + z**5/60 + 6*z**2. Let g(j) be the third derivative of d(j). Give g(1).
-2
Let n(d) = 1 - 4*d**2 + 3*d**2 - 3 + 8*d. Let g be n(6). Let r = g - 6. Let v(h) = h + 1. What is v(r)?
5
Let o(r) be the first derivative of -r**5/60 + 5*r**4/24 + r**3/3 + 3*r**2/2 + 2. Let d(u) be the second derivative of o(u). Determine d(6).
-4
Suppose 6 = -3*u - 6. Let z(w) be the first derivative of w**5/20 + 5*w**4/12 + w**3 + 2*w - 1. Let o(v) be the first derivative of z(v). Give o(u).
-8
Suppose -5*i - 5 = -5*u - 0, i + 4*u = 14. Let t(b) = -b**3 - b**2 + 2*b + 1. What is t(i)?
-7
Let i(x) = -x**2 - 5*x + 1. Let n(m) = m**2 + 5*m. Let d(l) = 5*i(l) + 6*n(l). Let p = -8 - -3. Give d(p).
5
Let l(c) = -11*c - 11. Let n(y) = 3 + 1 + 1 + 5*y. Let w(a) = 4*l(a) + 9*n(a). Let r = 0 - -4. Determine w(r).
5
Let p = 54 - 55. Let j(u) = -2*u - 1. Let n(s) = -s - 1. Let w(y) = -6*j(y) + 7*n(y). Calculate w(p).
-6
Let n(w) = -2*w**3 + 9*w**2 + 3*w + 3. Let z(r) = -5*r**3 + 19*r**2 + 5*r + 7. Let d(x) = 7*n(x) - 3*z(x). Suppose 4 = u + 9. What is d(u)?
-5
Let q be 4 - (4 + -2)/1. Let b(a) = 5 + a**3 - 8*a**2 - 2 + 2*a**q. Give b(6).
3
Let j = 0 + 3. Let l(p) be the first derivative of 2*p**3/3 - 5*p**2/2 + 3*p + 17. Give l(j).
6
Let w(k) = -2 + 3*k - 6 + 1. What is w(6)?
11
Let k(q) = q**3 - 3*q**2 - 5*q + 6. Let s be k(4). Suppose -l + 2 = -s*l. Let h(y) = 3*y**2 + 1 - 6*y**2 + 4*y**2 + y. Determine h(l).
3
Let m(d) be the third derivative of -d**6/120 + d**5/12 - d**4/4 + d**3 + 5*d**2. What is m(4)?
-2
Let i be (1 + -9)*(-2)/4. Let m(r) = 6 + 0 + 0 - i + r. Determine m(-4).
-2
Let c(n) be the third derivative of n**5/60 - n**4/8 + n**3/2 + n**2. Let g(y) = 1 - 2 + 0*y - y + 0. Let z be g(-5). Give c(z).
7
Let y(m) = m**2 - 4*m + 1. Let z be 0 + (-1 - (-1 - -1)). Let x be (-8)/(-3*1 - z). Suppose -t + 0*t = -x*o - 21, 8 = 4*t + 3*o. What is y(t)?
6
Let v(b) = 13*b**3 + 2*b**2 + 2*b**2 + 3*b**3 - 3*b**2. Give v(-1).
-15
Let l(y) be the third derivative of y**4/24 + 3*y**3/2 + 14*y**2. Let f = 17 - 8. Suppose -4*x - 15 - f = 0. Determine l(x).
3
Let s(v) = v - 4. Let j(i) = -2*i + 3. Let h(m) = 6*j(m) + 5*s(m). Let g = 20 + -22. Calculate h(g).
12
Let u = 15 + -21. Let t(n) = 5*n**3 - 4*n**3 - 8*n - 17 + 5*n**2 + 11. What is t(u)?
6
Suppose 5*z - 44 = -4. Suppose q = 3*q - z. Let s(u) = u**2 - u - 3. Calculate s(q).
9
Suppose 4*v - 16 = 5*b, 2*v - 2 = -5*b + 6. Let d(q) = -2*q**2 - 4*q - 6. Let u(m) = -m**2 - m. Let h(f) = -d(f) + 3*u(f). Give h(b).
6
Suppose -4*z + 3*l - 6 = -1, -4*z = 3*l - 13. Let j(r) be the second derivative of r**4/2 - r**3/6 + 4*r. Determine j(z).
5
Let h = 4 + -2. Suppose h*v = -3*v - 10. Let b(y) = y + 4*y**2 - y**2 + 0 - 2. Calculate b(v).
8
Let x(a) = a**2 + 5*a - 1. Let r be x(-6). Suppose -3*t = -6*g + g - 8, 4*g + 9 = r*t. Let b(v) = 3*v**2 + v. Let h be b(t). Let q(f) = 2*f - 1. Give q(h).
7
Let z(h) = 0*h**2 + 6*h - 9 + h**2 + 1. Let y be z(-7). Let a(l) be the third derivative of 7*l**6/120 - l**5/60 - l**4/24 - l**3/6 + l**2. Give a(y).
-8
Let r(g) = g**2 + g. Let i(q) = q**2 - 4*q - 2. Let a be i(6). Suppose 0 = -3*v - 4 + a. Suppose -2*h - 3*f + v*f - 3 = 0, h - 5*f = 4. What is r(h)?
0
Let c(d) = -d**3 - d**2 - d. Suppose -12*i - 4 = 8. Give c(i).
1
Let z(h) = h**3 - 6*h**2 - h + 4. Suppose -y = -5*w + 32, -y = -5*w - 5*y + 22. Determine z(w).
-2
Let q(x) = -x**3 + 3*x**2 + x. Let r(n) be the third derivative of -n**6/120 - n**5/60 + n**3/2 + 3*n**2. Let c be r(0). Calculate q(c).
3
Let y(j) = 72*j**2 + 33*j. Let l(k) = -9*k**2 - 4*k. Let v(g) = 33*l(g) + 4*y(g). Give v(1).
-9
Let y = -14 + 16. Let t(o) = -o**3 + 5*o**2 - 4*o + 3. Give t(y).
7
Suppose -3*k + 0*k + 6 = 0. Let l be (k/(-6))/(2/6). Let p(h) = -2*h**2 - 2*h - 1. What is p(l)?
-1
Suppose q + 3*q = 48. Let v be (3/(-2))/(2/q). Let f = -13 - v. Let j(h) = h**3 + 5*h**2 + 4*h + 2. Determine j(f).
2
Let q(p) = p**2 - 6*p - 5. Let w be q(7). Let s(j) = 4*j**2 - j - 1. Give s(w).
13
Let c(u) be the second derivative of u**5/20 + 11*u**4/12 + 11*u**3/6 + u**2/2 + 31*u. Calculate c(-10).
-9
Let v(l) be the second derivative of -l**3/6 + 6*l**2 + 4*l. Let y be v(8). Let c(t) = -t**2 + 5*t - 2. Give c(y).
2
Let w be 4/(-9)*9/(-6). Let a(n) be the third derivative of w*n**3 - 1/6*n**4 + 0 + 0*n - 1/60*n**5 - 2*n**2. Give a(-5).
-1
Let c(o) = o**3 - 2*o**2 + o - 2. Let a be c(3). Suppose -3*y = p + a, -3*y + 5*y = p. Let z be y/((-4)/(-6)*-1). Let x(h) = -3*h + 2. What is x(z)?
-7
Let z(y) = y**3 - 13*y**2 - 13*y - 12. Let m be z(14). Let c(s) be the first derivative of 2*s - m + 1/2*s**2. Give c(-2).
0
Suppose 0*j = 3*j - 15. Let w(n) be the third derivative of -1/3*n**3 - 5/24*n**4 + 1/60*n**j + 0*n + 0 - n**2. What is w(4)?
-6
Let l = 5 + -1. Let x(c) = 2*c - l*c - c. Calculate x(2).
-6
Let p = -8 + 15. Suppose -2*b - 30 = -p*b. Let v = b - 3. Let n(k) = 2*k**2 - 4*k + 2. What is n(v)?
8
Suppose -j - 4 = -7*a + 3*a, a = -2*j + 10. Suppose f + 3 = -2*o, -2*o + 5*f = j - 31. Let h(w) = 8*w**3 - w + 1. Calculate h(o).
8
Let i = -11 + 11. Let r(l) = l - 1. Give r(i).
-1
Suppose 3*p + 5*r = 25 - 4, 2*p = -5*r + 19. Let w(l) = l**2 - 2*l + 2. Let y be w(p). Suppose -y*k = -0*k - 2. Let m(c) = -7*c**2 - c + 1. What is m(k)?
-7
Let u(i) = -6*i**2 - i**2 - 8*i**2 + 13*i**2 - 2*i - 1 + 2*i**3. Suppose 4*v = -a - 4, -4*v + 4*a = -0*a + 4. Give u(v).
-3
Let x(h) be the first derivative of -13*